{"id":31,"date":"2024-12-17T21:53:37","date_gmt":"2024-12-17T21:53:37","guid":{"rendered":"https:\/\/runekeeper-rossel-q7.zipwp.site\/?page_id=31"},"modified":"2026-01-31T15:29:39","modified_gmt":"2026-01-31T14:29:39","slug":"home","status":"publish","type":"page","link":"https:\/\/www.msoft.cz\/","title":{"rendered":"Dom\u016f"},"content":{"rendered":"\n<div class=\"wp-block-uagb-container uagb-block-fa303262 alignfull uagb-is-root-container\"><div class=\"uagb-container-inner-blocks-wrap\">\n<div class=\"wp-block-uagb-advanced-heading uagb-block-79955c36\"><div class=\"uagb-heading-text\">Okouzluj\u00edc\u00ed rustik\u00e1ln\u00ed m\u00edsto<\/div><\/div>\n\n\n\n<div data-aos= \"fade-down\" data-aos-duration=\"400\" data-aos-delay=\"0\" data-aos-easing=\"ease\" data-aos-once=\"true\" class=\"wp-block-uagb-info-box uagb-block-0bca2e31 uagb-infobox__content-wrap  uagb-infobox-icon-above-title uagb-infobox-image-valign-top\"><div class=\"uagb-ifb-content\"><div class=\"uagb-ifb-title-wrap\"><h1 class=\"uagb-ifb-title\">T\u0159i \u010dty\u0159ky<\/h1><\/div><p class=\"uagb-ifb-desc\">Nab\u00edz\u00edme pron\u00e1jem stylov\u00fdch prostor a komfortn\u00edho ubytov\u00e1n\u00ed v rustik\u00e1ln\u011b lad\u011bn\u00fdch <br>apartm\u00e1nech pro r\u016fzn\u00e9 p\u0159\u00edle\u017eitosti.<\/p><div class=\"uagb-ifb-button-wrapper wp-block-button\"><a href=\"?page_id=34\" class=\"uagb-infobox-cta-link wp-block-button__link\" target=\"_self\" rel=\"noopener noreferrer\" onclick=\"return true;\"><span class=\"uagb-inline-editing\">Rezervace<\/span><\/a><\/div><\/div><\/div>\n<\/div><\/div>\n\n\n\n<div class=\"wp-block-uagb-container uagb-block-a4795187 alignfull uagb-is-root-container\"><div class=\"uagb-container-inner-blocks-wrap\"><\/div><\/div>\n\n\n\n<div class=\"wp-block-uagb-container uagb-block-619ad332 alignfull uagb-is-root-container\"><div class=\"uagb-container-inner-blocks-wrap\">\n<div class=\"wp-block-uagb-container uagb-block-60cffcb5\">\n<div class=\"wp-block-uagb-advanced-heading uagb-block-198b6eee\"><h2 class=\"uagb-heading-text\">Co nab\u00edz\u00edme<\/h2><\/div>\n\n\n\n<div class=\"wp-block-uagb-buttons uagb-buttons__outer-wrap uagb-btn__default-btn uagb-btn-tablet__default-btn uagb-btn-mobile__default-btn uagb-block-8a877432\"><div class=\"uagb-buttons__wrap uagb-buttons-layout-wrap \">\n<div class=\"wp-block-uagb-buttons-child uagb-buttons__outer-wrap uagb-block-c69aee6e wp-block-button\"><div class=\"uagb-button__wrapper\"><a class=\"uagb-buttons-repeater ast-outline-button\" aria-label=\"\" style=\"border-width:revert-layer\" href=\"https:\/\/www.msoft.cz\/?page_id=33\" rel=\"follow noopener\" target=\"_self\" role=\"button\"><div class=\"uagb-button__link\">Prohl\u00e9dnout v\u0161e<\/div><\/a><\/div><\/div>\n<\/div><\/div>\n<\/div>\n\n\n\n<div class=\"wp-block-uagb-container uagb-block-e76c2ac4\">\n<div class=\"wp-block-uagb-container uagb-block-8d2ac9d6\">\n<div class=\"wp-block-uagb-image alignleft uagb-block-4d732e76 wp-block-uagb-image--layout-default wp-block-uagb-image--effect-zoomin wp-block-uagb-image--align-left aligncenter\"><figure class=\"wp-block-uagb-image__figure\"><a class=\"\" href=\"https:\/\/www.msoft.cz\/?page_id=33\" target=\"\" rel=\"noopener\"><img decoding=\"async\" srcset=\"https:\/\/www.msoft.cz\/wp-content\/uploads\/2025\/03\/IMG_20210806_212611-1024x768.jpg ,https:\/\/www.msoft.cz\/wp-content\/uploads\/2025\/03\/IMG_20210806_212611-scaled.jpg 780w, https:\/\/www.msoft.cz\/wp-content\/uploads\/2025\/03\/IMG_20210806_212611-scaled.jpg 360w\" sizes=\"auto, (max-width: 480px) 150px\" src=\"https:\/\/www.msoft.cz\/wp-content\/uploads\/2025\/03\/IMG_20210806_212611-1024x768.jpg\" alt=\"\" class=\"uag-image-680\" width=\"350\" height=\"360\" title=\"bsh\" loading=\"lazy\" role=\"img\"\/><\/a><\/figure><\/div>\n\n\n\n<div class=\"wp-block-uagb-info-box uagb-block-73ae9bd9 uagb-infobox__content-wrap  uagb-infobox-icon-above-title uagb-infobox-image-valign-top\"><div class=\"uagb-ifb-content\"><div class=\"uagb-ifb-title-wrap\"><h3 class=\"uagb-ifb-title\">Firemn\u00ed akce<\/h3><\/div><p class=\"uagb-ifb-desc\">Nab\u00edz\u00edme stylov\u00e9 prostory s jedine\u010dnou atmosf\u00e9rou pro firemn\u00ed akce, \u0161kolen\u00ed i teambuilding.<\/p><div class=\"uagb-ifb-button-wrapper wp-block-button\"><a href=\"?page_id=33\" class=\"uagb-infobox-cta-link wp-block-button__link\" target=\"_self\" rel=\"noopener noreferrer\" onclick=\"return true;\"><span class=\"uagb-inline-editing\">Zjisti v\u00edce<\/span><svg xmlns=\"https:\/\/www.w3.org\/2000\/svg\" viewBox=\"0 0 448 512\"><path d=\"M438.6 278.6l-160 160C272.4 444.9 264.2 448 256 448s-16.38-3.125-22.62-9.375c-12.5-12.5-12.5-32.75 0-45.25L338.8 288H32C14.33 288 .0016 273.7 .0016 256S14.33 224 32 224h306.8l-105.4-105.4c-12.5-12.5-12.5-32.75 0-45.25s32.75-12.5 45.25 0l160 160C451.1 245.9 451.1 266.1 438.6 278.6z\"><\/path><\/svg><\/a><\/div><\/div><\/div>\n<\/div>\n\n\n\n<div class=\"wp-block-uagb-container uagb-block-be805083\">\n<div class=\"wp-block-uagb-image alignleft uagb-block-1ae7d298 wp-block-uagb-image--layout-default wp-block-uagb-image--effect-zoomin wp-block-uagb-image--align-left aligncenter\"><figure class=\"wp-block-uagb-image__figure\"><a class=\"\" href=\"https:\/\/www.msoft.cz\/?page_id=675\" target=\"\" rel=\"noopener\"><img decoding=\"async\" srcset=\"https:\/\/www.msoft.cz\/wp-content\/uploads\/2025\/03\/IMG_20230904_105145-1024x768.jpg ,https:\/\/www.msoft.cz\/wp-content\/uploads\/2025\/03\/IMG_20230904_105145-scaled.jpg 780w, https:\/\/www.msoft.cz\/wp-content\/uploads\/2025\/03\/IMG_20230904_105145-scaled.jpg 360w\" sizes=\"auto, (max-width: 480px) 150px\" src=\"https:\/\/www.msoft.cz\/wp-content\/uploads\/2025\/03\/IMG_20230904_105145-1024x768.jpg\" alt=\"\" class=\"uag-image-799\" width=\"350\" height=\"360\" title=\"IMG_20230904_105145\" loading=\"lazy\" role=\"img\"\/><\/a><\/figure><\/div>\n\n\n\n<div class=\"wp-block-uagb-info-box uagb-block-7e9b171c uagb-infobox__content-wrap  uagb-infobox-icon-above-title uagb-infobox-image-valign-top\"><div class=\"uagb-ifb-content\"><div class=\"uagb-ifb-title-wrap\"><h3 class=\"uagb-ifb-title\">Pron\u00e1jem apartm\u00e1n\u016f<\/h3><\/div><p class=\"uagb-ifb-desc\">Nab\u00edz\u00edme komfortn\u00ed apartm\u00e1ny k pron\u00e1jmu, ide\u00e1ln\u00ed pro odpo\u010dinek i pobyt v jedine\u010dn\u00e9 atmosf\u00e9\u0159e.<\/p><div class=\"uagb-ifb-button-wrapper wp-block-button\"><a href=\"?page_id=675\" class=\"uagb-infobox-cta-link wp-block-button__link\" target=\"_self\" rel=\"noopener noreferrer\" onclick=\"return true;\"><span class=\"uagb-inline-editing\">Zjistit v\u00edce<\/span><svg xmlns=\"https:\/\/www.w3.org\/2000\/svg\" viewBox=\"0 0 448 512\"><path d=\"M438.6 278.6l-160 160C272.4 444.9 264.2 448 256 448s-16.38-3.125-22.62-9.375c-12.5-12.5-12.5-32.75 0-45.25L338.8 288H32C14.33 288 .0016 273.7 .0016 256S14.33 224 32 224h306.8l-105.4-105.4c-12.5-12.5-12.5-32.75 0-45.25s32.75-12.5 45.25 0l160 160C451.1 245.9 451.1 266.1 438.6 278.6z\"><\/path><\/svg><\/a><\/div><\/div><\/div>\n<\/div>\n\n\n\n<div class=\"wp-block-uagb-container uagb-block-325ef570\">\n<div class=\"wp-block-uagb-image alignleft uagb-block-199a156b wp-block-uagb-image--layout-default wp-block-uagb-image--effect-zoomin wp-block-uagb-image--align-left aligncenter\"><figure class=\"wp-block-uagb-image__figure\"><a class=\"\" href=\"https:\/\/www.msoft.cz\/?page_id=33\" target=\"\" rel=\"noopener\"><img decoding=\"async\" srcset=\"https:\/\/www.msoft.cz\/wp-content\/uploads\/2025\/03\/IMG_20230706_121948-1024x768.jpg ,https:\/\/www.msoft.cz\/wp-content\/uploads\/2025\/03\/IMG_20230706_121948-scaled.jpg 780w, https:\/\/www.msoft.cz\/wp-content\/uploads\/2025\/03\/IMG_20230706_121948-scaled.jpg 360w\" sizes=\"auto, (max-width: 480px) 150px\" src=\"https:\/\/www.msoft.cz\/wp-content\/uploads\/2025\/03\/IMG_20230706_121948-1024x768.jpg\" alt=\"\" class=\"uag-image-757\" width=\"350\" height=\"360\" title=\"IMG_20230706_121948\" loading=\"lazy\" role=\"img\"\/><\/a><\/figure><\/div>\n\n\n\n<div class=\"wp-block-uagb-info-box uagb-block-fb17e3f8 uagb-infobox__content-wrap  uagb-infobox-icon-above-title uagb-infobox-image-valign-top\"><div class=\"uagb-ifb-content\"><div class=\"uagb-ifb-title-wrap\"><h3 class=\"uagb-ifb-title\">Soukrom\u00e9 akce<\/h3><\/div><p class=\"uagb-ifb-desc\">V na\u0161em are\u00e1lu je mo\u017en\u00e9 po\u0159\u00e1dat soukrom\u00e9 akce, jako jsou  svatby, narozeninov\u00e9 oslavy, setk\u00e1n\u00ed s p\u0159\u00e1teli \u010di jin\u00e9 slavnostn\u00ed p\u0159\u00edle\u017eitosti.<\/p><div class=\"uagb-ifb-button-wrapper wp-block-button\"><a href=\"?page_id=33\" class=\"uagb-infobox-cta-link wp-block-button__link\" target=\"_self\" rel=\"noopener noreferrer\" onclick=\"return true;\"><span class=\"uagb-inline-editing\">Zjistit v\u00edce<\/span><svg xmlns=\"https:\/\/www.w3.org\/2000\/svg\" viewBox=\"0 0 448 512\"><path d=\"M438.6 278.6l-160 160C272.4 444.9 264.2 448 256 448s-16.38-3.125-22.62-9.375c-12.5-12.5-12.5-32.75 0-45.25L338.8 288H32C14.33 288 .0016 273.7 .0016 256S14.33 224 32 224h306.8l-105.4-105.4c-12.5-12.5-12.5-32.75 0-45.25s32.75-12.5 45.25 0l160 160C451.1 245.9 451.1 266.1 438.6 278.6z\"><\/path><\/svg><\/a><\/div><\/div><\/div>\n<\/div>\n<\/div>\n<\/div><\/div>\n\n\n\n<div class=\"wp-block-uagb-container uagb-block-f0d8dae7 alignfull uagb-is-root-container\"><div class=\"uagb-container-inner-blocks-wrap\">\n<div class=\"wp-block-uagb-container uagb-block-39f2abd6\">\n<div class=\"wp-block-uagb-image alignleft uagb-block-f03c0e0a wp-block-uagb-image--layout-default wp-block-uagb-image--effect-zoomin wp-block-uagb-image--align-left\"><figure class=\"wp-block-uagb-image__figure\"><a class=\"\" href=\"https:\/\/www.msoft.cz\/?page_id=32\" target=\"\" rel=\"noopener\"><img decoding=\"async\" srcset=\"https:\/\/www.msoft.cz\/wp-content\/uploads\/2025\/03\/IMG_20230720_160903-1024x768.jpg ,https:\/\/www.msoft.cz\/wp-content\/uploads\/2025\/03\/IMG_20230720_160903-scaled.jpg 780w, https:\/\/www.msoft.cz\/wp-content\/uploads\/2025\/03\/IMG_20230720_160903-scaled.jpg 360w\" sizes=\"auto, (max-width: 480px) 150px\" src=\"https:\/\/www.msoft.cz\/wp-content\/uploads\/2025\/03\/IMG_20230720_160903-1024x768.jpg\" alt=\"\" class=\"uag-image-767\" width=\"570\" height=\"480\" title=\"IMG_20230720_160903\" loading=\"lazy\" role=\"img\"\/><\/a><\/figure><\/div>\n\n\n\n<div class=\"wp-block-uagb-container uagb-block-86be4c12\">\n<div class=\"wp-block-uagb-advanced-heading uagb-block-ad7a575b\"><h2 class=\"uagb-heading-text\">N\u00e1dech historie<\/h2><p class=\"uagb-desc-text\">Na\u0161e prostory maj\u00ed bohatou historii, kter\u00e1 sah\u00e1 a\u017e do dob, kdy byly cihly a \u0159emesln\u00e1 pr\u00e1ce z\u00e1kladem ka\u017ed\u00e9 stavby. Postupn\u011b jsme tento jedine\u010dn\u00fd prostor prom\u011bnili v m\u00edsto, kde se snoub\u00ed atmosf\u00e9ra minulosti s modern\u00edm komfortem. Dnes zde nab\u00edz\u00edme stylov\u00e9 prost\u0159ed\u00ed pro firemn\u00ed akce, oslavy i odpo\u010dinek v na\u0161ich \u00fatuln\u00fdch apartm\u00e1nech, p\u0159i\u010dem\u017e si st\u00e1le uchov\u00e1v\u00e1me p\u016fvodn\u00ed kouzlo a jedine\u010dn\u00fd charakter.<\/p><\/div>\n\n\n\n<div class=\"wp-block-uagb-info-box uagb-block-c4f4c653 uagb-infobox__content-wrap  uagb-infobox-icon-above-title uagb-infobox-image-valign-top\"><div class=\"uagb-ifb-content\"><div class=\"uagb-ifb-title-wrap\"><\/div><p class=\"uagb-ifb-desc\">Na\u0161e prostory spojuj\u00ed historii s modern\u00edm komfortem, p\u0159i\u010dem\u017e si zachov\u00e1vaj\u00ed jedine\u010dn\u00e9 kouzlo cihlov\u00e9 architektury.<\/p><div class=\"uagb-ifb-button-wrapper wp-block-button\"><a href=\"?page_id=32\" class=\"uagb-infobox-cta-link wp-block-button__link\" target=\"_self\" rel=\"noopener noreferrer\" onclick=\"return true;\"><span class=\"uagb-inline-editing\">Zjistit v\u00edce<\/span><svg xmlns=\"https:\/\/www.w3.org\/2000\/svg\" viewBox=\"0 0 448 512\"><path d=\"M438.6 278.6l-160 160C272.4 444.9 264.2 448 256 448s-16.38-3.125-22.62-9.375c-12.5-12.5-12.5-32.75 0-45.25L338.8 288H32C14.33 288 .0016 273.7 .0016 256S14.33 224 32 224h306.8l-105.4-105.4c-12.5-12.5-12.5-32.75 0-45.25s32.75-12.5 45.25 0l160 160C451.1 245.9 451.1 266.1 438.6 278.6z\"><\/path><\/svg><\/a><\/div><\/div><\/div>\n<\/div>\n<\/div>\n<\/div><\/div>\n\n\n\n<div class=\"wp-block-uagb-container uagb-block-70f1f417 alignfull uagb-is-root-container\"><div class=\"uagb-container-inner-blocks-wrap\">\n<div class=\"wp-block-uagb-container uagb-block-73a0f5fc\">\n<div class=\"wp-block-uagb-advanced-heading uagb-block-dbd1994b\"><h2 class=\"uagb-heading-text\">Pro\u010d zrovna my ?<\/h2><\/div>\n\n\n\n<div class=\"wp-block-uagb-info-box uagb-block-50ee0b19 uagb-infobox__content-wrap  uagb-infobox-icon-left uagb-infobox-left uagb-infobox-image-valign-top\"><div class=\"uagb-ifb-icon-wrap\"><div class=\"uagb-iconbox-icon-wrap uagb-infobox-shape-circle\"><svg xmlns=\"https:\/\/www.w3.org\/2000\/svg\" viewBox=\"0 0 512 512\"><path d=\"M0 256C0 114.6 114.6 0 256 0C397.4 0 512 114.6 512 256C512 397.4 397.4 512 256 512C114.6 512 0 397.4 0 256zM371.8 211.8C382.7 200.9 382.7 183.1 371.8 172.2C360.9 161.3 343.1 161.3 332.2 172.2L224 280.4L179.8 236.2C168.9 225.3 151.1 225.3 140.2 236.2C129.3 247.1 129.3 264.9 140.2 275.8L204.2 339.8C215.1 350.7 232.9 350.7 243.8 339.8L371.8 211.8z\"><\/path><\/svg><\/div><\/div><div class=\"uagb-ifb-content\"><div class=\"uagb-ifb-title-wrap\"><h3 class=\"uagb-ifb-title\">Nezapomenuteln\u00e1 atmosf\u00e9ra<\/h3><\/div><p class=\"uagb-ifb-desc\">U n\u00e1s za\u017eijete nezapomenutelnou atmosf\u00e9ru, kde se historie prol\u00edn\u00e1 s pohodl\u00edm a jedine\u010dn\u00fdm kouzlem prostoru.<\/p><\/div><\/div>\n\n\n\n<div class=\"wp-block-uagb-info-box uagb-block-7e50779b uagb-infobox__content-wrap  uagb-infobox-icon-left uagb-infobox-left uagb-infobox-image-valign-top\"><div class=\"uagb-ifb-icon-wrap\"><div class=\"uagb-iconbox-icon-wrap uagb-infobox-shape-circle\"><svg xmlns=\"https:\/\/www.w3.org\/2000\/svg\" viewBox=\"0 0 512 512\"><path d=\"M0 256C0 114.6 114.6 0 256 0C397.4 0 512 114.6 512 256C512 397.4 397.4 512 256 512C114.6 512 0 397.4 0 256zM371.8 211.8C382.7 200.9 382.7 183.1 371.8 172.2C360.9 161.3 343.1 161.3 332.2 172.2L224 280.4L179.8 236.2C168.9 225.3 151.1 225.3 140.2 236.2C129.3 247.1 129.3 264.9 140.2 275.8L204.2 339.8C215.1 350.7 232.9 350.7 243.8 339.8L371.8 211.8z\"><\/path><\/svg><\/div><\/div><div class=\"uagb-ifb-content\"><div class=\"uagb-ifb-title-wrap\"><h3 class=\"uagb-ifb-title\">Osobn\u00ed p\u0159\u00edstup<\/h3><\/div><p class=\"uagb-ifb-desc\">Ke ka\u017ed\u00e9mu hostu p\u0159istupujeme individu\u00e1ln\u011b, abychom zajistili jedine\u010dn\u00fd z\u00e1\u017eitek p\u0159esn\u011b podle jeho p\u0159edstav.<\/p><\/div><\/div>\n\n\n\n<div class=\"wp-block-uagb-info-box uagb-block-28338afc uagb-infobox__content-wrap  uagb-infobox-icon-left uagb-infobox-left uagb-infobox-image-valign-top\"><div class=\"uagb-ifb-icon-wrap\"><div class=\"uagb-iconbox-icon-wrap uagb-infobox-shape-circle\"><svg xmlns=\"https:\/\/www.w3.org\/2000\/svg\" viewBox=\"0 0 512 512\"><path d=\"M0 256C0 114.6 114.6 0 256 0C397.4 0 512 114.6 512 256C512 397.4 397.4 512 256 512C114.6 512 0 397.4 0 256zM371.8 211.8C382.7 200.9 382.7 183.1 371.8 172.2C360.9 161.3 343.1 161.3 332.2 172.2L224 280.4L179.8 236.2C168.9 225.3 151.1 225.3 140.2 236.2C129.3 247.1 129.3 264.9 140.2 275.8L204.2 339.8C215.1 350.7 232.9 350.7 243.8 339.8L371.8 211.8z\"><\/path><\/svg><\/div><\/div><div class=\"uagb-ifb-content\"><div class=\"uagb-ifb-title-wrap\"><h3 class=\"uagb-ifb-title\">Kompletn\u00ed slu\u017eby<\/h3><\/div><p class=\"uagb-ifb-desc\">Zaji\u0161\u0165ujeme kompletn\u00ed slu\u017eby v\u010detn\u011b restaurace, ubytov\u00e1n\u00ed i pron\u00e1jmu prostor pro p\u0159esp\u00e1n\u00ed, aby va\u0161emu komfortu nic nechyb\u011blo.<\/p><\/div><\/div>\n<\/div>\n\n\n\n<div class=\"wp-block-uagb-container uagb-block-baaf0eca\">\n<div class=\"wp-block-uagb-image alignright uagb-block-092474bd wp-block-uagb-image--layout-default wp-block-uagb-image--effect-static wp-block-uagb-image--align-right\"><figure class=\"wp-block-uagb-image__figure\"><img decoding=\"async\" srcset=\"https:\/\/www.msoft.cz\/wp-content\/uploads\/2025\/03\/IMG_20220519_132524-1024x768.jpg ,https:\/\/www.msoft.cz\/wp-content\/uploads\/2025\/03\/IMG_20220519_132524-scaled.jpg 780w, https:\/\/www.msoft.cz\/wp-content\/uploads\/2025\/03\/IMG_20220519_132524-scaled.jpg 360w\" sizes=\"auto, (max-width: 480px) 150px\" src=\"https:\/\/www.msoft.cz\/wp-content\/uploads\/2025\/03\/IMG_20220519_132524-1024x768.jpg\" alt=\"\" class=\"uag-image-731\" width=\"573\" height=\"480\" title=\"IMG_20220519_132524\" loading=\"lazy\" role=\"img\"\/><\/figure><\/div>\n<\/div>\n<\/div><\/div>\n\n\n\n<div class=\"wp-block-uagb-container uagb-block-71fea0c9 alignfull uagb-is-root-container\"><div class=\"uagb-container-inner-blocks-wrap\">\n<div class=\"wp-block-uagb-info-box uagb-block-844f8cf1 uagb-infobox__content-wrap  uagb-infobox-icon-above-title uagb-infobox-image-valign-top\"><div class=\"uagb-ifb-content\"><div class=\"uagb-ifb-title-wrap\"><h2 class=\"uagb-ifb-title\">Za\u017eijte kouzlo rustik\u00e1ln\u00ed restaurace<\/h2><\/div><p class=\"uagb-ifb-desc\">Kontaktujte n\u00e1s je\u0161t\u011b dnes a zjist\u011bte v\u00edce o mo\u017enosti uspo\u0159\u00e1dat svou vysn\u011bnou ud\u00e1lost v Green Apartments a vytvo\u0159it si nezapomenuteln\u00e9 vzpom\u00ednky.<\/p><div class=\"uagb-ifb-button-wrapper wp-block-button\"><a href=\"?page_id=34\" class=\"uagb-infobox-cta-link wp-block-button__link\" target=\"_self\" rel=\"noopener noreferrer\" onclick=\"return true;\"><span class=\"uagb-inline-editing\">Rezervace<\/span><\/a><\/div><\/div><\/div>\n<\/div><\/div>\n","protected":false},"excerpt":{"rendered":"<p>Okouzluj\u00edc\u00ed rustik\u00e1ln\u00ed m\u00edsto Co nab\u00edz\u00edme N\u00e1dech historie Na\u0161e prostory maj\u00ed bohatou historii, kter\u00e1 sah\u00e1 a\u017e do dob, kdy byly cihly [&hellip;]<\/p>\n","protected":false},"author":6,"featured_media":0,"parent":0,"menu_order":0,"comment_status":"closed","ping_status":"closed","template":"","meta":{"_uag_custom_page_level_css":"","site-sidebar-layout":"default","site-content-layout":"","ast-site-content-layout":"default","site-content-style":"default","site-sidebar-style":"default","ast-global-header-display":"","ast-banner-title-visibility":"","ast-main-header-display":"","ast-hfb-above-header-display":"","ast-hfb-below-header-display":"","ast-hfb-mobile-header-display":"","site-post-title":"disabled","ast-breadcrumbs-content":"","ast-featured-img":"","footer-sml-layout":"","ast-disable-related-posts":"","theme-transparent-header-meta":"enabled","adv-header-id-meta":"","stick-header-meta":"","header-above-stick-meta":"","header-main-stick-meta":"","header-below-stick-meta":"","astra-migrate-meta-layouts":"","ast-page-background-enabled":"default","ast-page-background-meta":{"desktop":{"background-color":"var(--ast-global-color-4)","background-image":"","background-repeat":"repeat","background-position":"center center","background-size":"auto","background-attachment":"scroll","background-type":"","background-media":"","overlay-type":"","overlay-color":"","overlay-opacity":"","overlay-gradient":""},"tablet":{"background-color":"","background-image":"","background-repeat":"repeat","background-position":"center center","background-size":"auto","background-attachment":"scroll","background-type":"","background-media":"","overlay-type":"","overlay-color":"","overlay-opacity":"","overlay-gradient":""},"mobile":{"background-color":"","background-image":"","background-repeat":"repeat","background-position":"center center","background-size":"auto","background-attachment":"scroll","background-type":"","background-media":"","overlay-type":"","overlay-color":"","overlay-opacity":"","overlay-gradient":""}},"ast-content-background-meta":{"desktop":{"background-color":"var(--ast-global-color-5)","background-image":"","background-repeat":"repeat","background-position":"center center","background-size":"auto","background-attachment":"scroll","background-type":"","background-media":"","overlay-type":"","overlay-color":"","overlay-opacity":"","overlay-gradient":""},"tablet":{"background-color":"var(--ast-global-color-5)","background-image":"","background-repeat":"repeat","background-position":"center center","background-size":"auto","background-attachment":"scroll","background-type":"","background-media":"","overlay-type":"","overlay-color":"","overlay-opacity":"","overlay-gradient":""},"mobile":{"background-color":"var(--ast-global-color-5)","background-image":"","background-repeat":"repeat","background-position":"center center","background-size":"auto","background-attachment":"scroll","background-type":"","background-media":"","overlay-type":"","overlay-color":"","overlay-opacity":"","overlay-gradient":""}},"footnotes":""},"class_list":["post-31","page","type-page","status-publish","hentry"],"uagb_featured_image_src":{"full":false,"thumbnail":false,"medium":false,"medium_large":false,"large":false,"1536x1536":false,"2048x2048":false},"uagb_author_info":{"display_name":"Marek Chmela","author_link":"https:\/\/www.msoft.cz\/?author=6"},"uagb_comment_info":0,"uagb_excerpt":"Okouzluj\u00edc\u00ed rustik\u00e1ln\u00ed m\u00edsto Co nab\u00edz\u00edme N\u00e1dech historie Na\u0161e prostory maj\u00ed bohatou historii, kter\u00e1 sah\u00e1 a\u017e do dob, kdy byly cihly [&hellip;]","_links":{"self":[{"href":"https:\/\/www.msoft.cz\/index.php?rest_route=\/wp\/v2\/pages\/31","targetHints":{"allow":["GET"]}}],"collection":[{"href":"https:\/\/www.msoft.cz\/index.php?rest_route=\/wp\/v2\/pages"}],"about":[{"href":"https:\/\/www.msoft.cz\/index.php?rest_route=\/wp\/v2\/types\/page"}],"author":[{"embeddable":true,"href":"https:\/\/www.msoft.cz\/index.php?rest_route=\/wp\/v2\/users\/6"}],"replies":[{"embeddable":true,"href":"https:\/\/www.msoft.cz\/index.php?rest_route=%2Fwp%2Fv2%2Fcomments&post=31"}],"version-history":[{"count":22,"href":"https:\/\/www.msoft.cz\/index.php?rest_route=\/wp\/v2\/pages\/31\/revisions"}],"predecessor-version":[{"id":1156,"href":"https:\/\/www.msoft.cz\/index.php?rest_route=\/wp\/v2\/pages\/31\/revisions\/1156"}],"wp:attachment":[{"href":"https:\/\/www.msoft.cz\/index.php?rest_route=%2Fwp%2Fv2%2Fmedia&parent=31"}],"curies":[{"name":"wp","href":"https:\/\/api.w.org\/{rel}","templated":true}]}}