{"id":33,"date":"2024-12-17T21:53:38","date_gmt":"2024-12-17T21:53:38","guid":{"rendered":"https:\/\/runekeeper-rossel-q7.zipwp.site\/?page_id=33"},"modified":"2025-04-07T12:49:09","modified_gmt":"2025-04-07T11:49:09","slug":"page_id33","status":"publish","type":"page","link":"https:\/\/www.msoft.cz\/?page_id=33","title":{"rendered":"Nab\u00eddka"},"content":{"rendered":"\n<div class=\"wp-block-uagb-container uagb-block-fa2f1646 alignfull uagb-is-root-container\"><div class=\"uagb-container-inner-blocks-wrap\">\n<div data-aos= \"fade-down\" data-aos-duration=\"400\" data-aos-delay=\"0\" data-aos-easing=\"ease\" data-aos-once=\"true\" class=\"wp-block-uagb-advanced-heading uagb-block-d7c7726a\"><h1 class=\"uagb-heading-text\">Mo\u017enosti na\u0161eho are\u00e1lu<\/h1><\/div>\n<\/div><\/div>\n\n\n\n<div class=\"wp-block-uagb-container uagb-block-0080c460 alignfull uagb-is-root-container\"><div class=\"uagb-container-inner-blocks-wrap\">\n<div class=\"wp-block-uagb-container uagb-block-b1ab63d3\">\n<div class=\"wp-block-uagb-container uagb-block-32cdcb5b\">\n<div class=\"wp-block-uagb-info-box uagb-block-e4b8ec2a uagb-infobox__content-wrap  uagb-infobox-icon-above-title uagb-infobox-image-valign-top\"><div class=\"uagb-ifb-content\"><div class=\"uagb-ifb-title-wrap\"><h2 class=\"uagb-ifb-title\">Rustik\u00e1ln\u00ed restaurace<\/h2><\/div><p class=\"uagb-ifb-desc\">Nab\u00edz\u00edme mo\u017enost pron\u00e1jmu restaurace s celkovou kapacitou a\u017e 100 osob. K dispozici je men\u0161\u00ed prostor se sal\u00f3nkem pro cca 30 host\u016f a prostorn\u00fd s\u00e1l a\u017e pro 70 osob. Sou\u010d\u00e1st\u00ed je v\u00fd\u010dep s lahodn\u00fdm \u010depovan\u00fdm pivem a pln\u011b vybaven\u00e1 kuchyn\u011b, ve kter\u00e9 p\u0159ipravujeme poctiv\u00e9 dom\u00e1c\u00ed speciality.<br><br>Na\u0161e prostory jsou ide\u00e1ln\u00ed nejen pro soukrom\u00e9 oslavy, ale i pro firemn\u00ed akce, \u0161kolen\u00ed, teambuildingy \u010di v\u00e1no\u010dn\u00ed ve\u010d\u00edrky. R\u00e1di pro v\u00e1s zajist\u00edme kompletn\u00ed catering nebo t\u0159eba jen p\u0159\u00edjemnou sn\u00eddani v men\u0161\u00edm kruhu.<\/p><\/div><\/div>\n\n\n\n<div class=\"wp-block-buttons is-layout-flex wp-block-buttons-is-layout-flex\">\n<div class=\"wp-block-button is-style-outline is-style-outline--1\"><a class=\"wp-block-button__link wp-element-button\" href=\"https:\/\/www.msoft.cz\/?page_id=932\">Fotogalerie<\/a><\/div>\n<\/div>\n<\/div>\n\n\n\n<div class=\"wp-block-uagb-container uagb-block-9b0f06f9\">\n<div class=\"wp-block-uagb-image alignright uagb-block-682af256 wp-block-uagb-image--layout-default wp-block-uagb-image--effect-zoomin wp-block-uagb-image--align-right\"><figure class=\"wp-block-uagb-image__figure\"><a class=\"\" href=\"https:\/\/www.msoft.cz\/?page_id=932\" target=\"\" rel=\"noopener\"><img decoding=\"async\" srcset=\"https:\/\/www.msoft.cz\/wp-content\/uploads\/2025\/04\/IMG_7635-768x1024.jpeg ,https:\/\/www.msoft.cz\/wp-content\/uploads\/2025\/04\/IMG_7635.jpeg 780w, https:\/\/www.msoft.cz\/wp-content\/uploads\/2025\/04\/IMG_7635.jpeg 360w\" sizes=\"auto, (max-width: 480px) 150px\" src=\"https:\/\/www.msoft.cz\/wp-content\/uploads\/2025\/04\/IMG_7635-768x1024.jpeg\" alt=\"\" class=\"uag-image-901\" width=\"420\" height=\"380\" title=\"IMG_7635\" loading=\"lazy\" role=\"img\"\/><\/a><\/figure><\/div>\n<\/div>\n<\/div>\n\n\n\n<div class=\"wp-block-uagb-container uagb-block-b8d5983d\">\n<div class=\"wp-block-uagb-container uagb-block-157091d6\">\n<div class=\"wp-block-uagb-info-box uagb-block-e8caa694 uagb-infobox__content-wrap  uagb-infobox-icon-above-title uagb-infobox-image-valign-top\"><div class=\"uagb-ifb-content\"><div class=\"uagb-ifb-title-wrap\"><h2 class=\"uagb-ifb-title\">Venkovn\u00ed bar<\/h2><\/div><p class=\"uagb-ifb-desc\">V letn\u00edch m\u011bs\u00edc\u00edch nab\u00edz\u00edme mo\u017enost otev\u0159en\u00ed venkovn\u00edho baru, kter\u00fd je ide\u00e1ln\u00edm m\u00edstem pro neform\u00e1ln\u00ed setk\u00e1n\u00ed, odpoledn\u00ed pohodu i ve\u010dern\u00ed posezen\u00ed. Na \u010depu nechyb\u00ed osv\u011b\u017euj\u00edc\u00ed pivo ani obl\u00edben\u00e1 malinovka, kter\u00e1 pot\u011b\u0161\u00ed mal\u00e9 i velk\u00e9 n\u00e1v\u0161t\u011bvn\u00edky.<br><br>Sou\u010d\u00e1st\u00ed venkovn\u00edho prostoru je i ohni\u0161t\u011b, kde si m\u016f\u017eete s p\u0159\u00e1teli op\u00e9ct bu\u0159ty a u\u017e\u00edt si p\u0159\u00edjemnou atmosf\u00e9ru pod \u0161ir\u00fdm nebem. K dispozici je venkovn\u00ed posezen\u00ed a\u017e pro 30 host\u016f, co\u017e z n\u011bj d\u011bl\u00e1 skv\u011bl\u00e9 m\u00edsto pro letn\u00ed oslavy, grilov\u00e1n\u00ed, men\u0161\u00ed firemn\u00ed ve\u010d\u00edrky nebo rodinn\u00e9 setk\u00e1n\u00ed.<\/p><\/div><\/div>\n\n\n\n<div class=\"wp-block-buttons is-layout-flex wp-block-buttons-is-layout-flex\">\n<div class=\"wp-block-button is-style-outline is-style-outline--2\"><a class=\"wp-block-button__link wp-element-button\" href=\"https:\/\/www.msoft.cz\/?page_id=934\">Fotogalerie<\/a><\/div>\n<\/div>\n<\/div>\n\n\n\n<div class=\"wp-block-uagb-container uagb-block-c4237f31\">\n<div class=\"wp-block-uagb-image alignright uagb-block-803c8938 wp-block-uagb-image--layout-default wp-block-uagb-image--effect-zoomin wp-block-uagb-image--align-right\"><figure class=\"wp-block-uagb-image__figure\"><a class=\"\" href=\"https:\/\/www.msoft.cz\/?page_id=934\" target=\"\" rel=\"noopener\"><img decoding=\"async\" srcset=\"https:\/\/www.msoft.cz\/wp-content\/uploads\/2025\/04\/IMG-20250406-WA0028-1024x767.jpg ,https:\/\/www.msoft.cz\/wp-content\/uploads\/2025\/04\/IMG-20250406-WA0028.jpg 780w, https:\/\/www.msoft.cz\/wp-content\/uploads\/2025\/04\/IMG-20250406-WA0028.jpg 360w\" sizes=\"auto, (max-width: 480px) 150px\" src=\"https:\/\/www.msoft.cz\/wp-content\/uploads\/2025\/04\/IMG-20250406-WA0028-1024x767.jpg\" alt=\"\" class=\"uag-image-1071\" width=\"420\" height=\"380\" title=\"IMG-20250406-WA0028\" loading=\"lazy\" role=\"img\"\/><\/a><\/figure><\/div>\n<\/div>\n<\/div>\n\n\n\n<div class=\"wp-block-uagb-container uagb-block-90a553a2\">\n<div class=\"wp-block-uagb-container uagb-block-37f36e4b\">\n<div class=\"wp-block-uagb-info-box uagb-block-6676fa1e uagb-infobox__content-wrap  uagb-infobox-icon-above-title uagb-infobox-image-valign-top\"><div class=\"uagb-ifb-content\"><div class=\"uagb-ifb-title-wrap\"><h2 class=\"uagb-ifb-title\">Velk\u00e9 parkovi\u0161t\u011b<\/h2><\/div><p class=\"uagb-ifb-desc\">V na\u0161em are\u00e1lu si nemus\u00edte d\u011blat starosti s parkov\u00e1n\u00edm \u2013 k dispozici je prostorn\u00e9 parkovi\u0161t\u011b s kapacitou a\u017e 20 vozidel. Pohodln\u011b zde zaparkuj\u00ed nejen host\u00e9 apartm\u00e1n\u016f, ale i n\u00e1v\u0161t\u011bvn\u00edci restaurace, firemn\u00edch akc\u00ed \u010di soukrom\u00fdch oslav. Parkov\u00e1n\u00ed je zdarma a nach\u00e1z\u00ed se p\u0159\u00edmo u objektu, tak\u017ee m\u00e1te v\u0161e pohodln\u011b na dosah.<\/p><\/div><\/div>\n\n\n\n<div class=\"wp-block-buttons is-layout-flex wp-block-buttons-is-layout-flex\">\n<div class=\"wp-block-button is-style-outline is-style-outline--3\"><a class=\"wp-block-button__link wp-element-button\" href=\"https:\/\/www.msoft.cz\/?page_id=936\">Fotogalerie<\/a><\/div>\n<\/div>\n<\/div>\n\n\n\n<div class=\"wp-block-uagb-container uagb-block-9f55d59a\">\n<div class=\"wp-block-uagb-image alignright uagb-block-80bcb6b3 wp-block-uagb-image--layout-default wp-block-uagb-image--effect-zoomin wp-block-uagb-image--align-right\"><figure class=\"wp-block-uagb-image__figure\"><a class=\"\" href=\"https:\/\/www.msoft.cz\/?page_id=936\" target=\"\" rel=\"noopener\"><img decoding=\"async\" srcset=\"https:\/\/www.msoft.cz\/wp-content\/uploads\/2025\/03\/IMG_20220519_132428-1024x768.jpg ,https:\/\/www.msoft.cz\/wp-content\/uploads\/2025\/03\/IMG_20220519_132428-scaled.jpg 780w, https:\/\/www.msoft.cz\/wp-content\/uploads\/2025\/03\/IMG_20220519_132428-scaled.jpg 360w\" sizes=\"auto, (max-width: 480px) 150px\" src=\"https:\/\/www.msoft.cz\/wp-content\/uploads\/2025\/03\/IMG_20220519_132428-1024x768.jpg\" alt=\"\" class=\"uag-image-725\" width=\"420\" height=\"380\" title=\"IMG_20220519_132428\" loading=\"lazy\" role=\"img\"\/><\/a><\/figure><\/div>\n<\/div>\n<\/div>\n\n\n\n<div class=\"wp-block-uagb-container uagb-block-effb2d16\">\n<div class=\"wp-block-uagb-container uagb-block-76405e07\">\n<div class=\"wp-block-uagb-info-box uagb-block-3a71f8a9 uagb-infobox__content-wrap  uagb-infobox-icon-above-title uagb-infobox-image-valign-top\"><div class=\"uagb-ifb-content\"><div class=\"uagb-ifb-title-wrap\"><h2 class=\"uagb-ifb-title\">Venkovn\u00ed grilovan\u00ed<\/h2><\/div><p class=\"uagb-ifb-desc\">V na\u0161em are\u00e1lu si v\u011bt\u0161ina apartm\u00e1n\u016f u\u017e\u00edv\u00e1 p\u0159\u00edm\u00fd p\u0159\u00edstup k venkovn\u00edmu posezen\u00ed pod pergolou, kde si host\u00e9 mohou odpo\u010dinout, nas\u00e1vat klid venkova a vychutnat si spole\u010dn\u00e9 chv\u00edle. K t\u011bm neodmysliteln\u011b pat\u0159\u00ed i mo\u017enost grilov\u00e1n\u00ed pod \u0161ir\u00fdm nebem \u2013 a pr\u00e1v\u011b proto jsme vytvo\u0159ili n\u011bkolik grilovac\u00edch z\u00f3n, kde si ka\u017ed\u00fd m\u016f\u017ee p\u0159ipravit sv\u00e9 obl\u00edben\u00e9 pochoutky p\u0159esn\u011b podle chuti.<br>A\u0165 u\u017e pl\u00e1nujete klidn\u00fd ve\u010der ve dvou nebo neform\u00e1ln\u00ed setk\u00e1n\u00ed s p\u0159\u00e1teli \u010di rodinou, na\u0161e z\u00e1zem\u00ed v\u00e1m umo\u017en\u00ed u\u017e\u00edt si letn\u00ed atmosf\u00e9ru naplno \u2013 s dobr\u00fdm j\u00eddlem, p\u0159\u00edjemn\u00fdm posezen\u00edm a pohledem do zelen\u011b.<\/p><\/div><\/div>\n\n\n\n<div class=\"wp-block-buttons is-layout-flex wp-block-buttons-is-layout-flex\">\n<div class=\"wp-block-button is-style-outline is-style-outline--4\"><a class=\"wp-block-button__link wp-element-button\" href=\"https:\/\/www.msoft.cz\/?page_id=938\">Fotogalerie<\/a><\/div>\n<\/div>\n<\/div>\n\n\n\n<div class=\"wp-block-uagb-container uagb-block-6897e0c6\">\n<div class=\"wp-block-uagb-image alignright uagb-block-7f5e632b wp-block-uagb-image--layout-default wp-block-uagb-image--effect-zoomin wp-block-uagb-image--align-right\"><figure class=\"wp-block-uagb-image__figure\"><a class=\"\" href=\"https:\/\/www.msoft.cz\/?page_id=938\" target=\"\" rel=\"noopener\"><img decoding=\"async\" srcset=\"https:\/\/www.msoft.cz\/wp-content\/uploads\/2025\/04\/IMG_3667-768x1024.jpeg ,https:\/\/www.msoft.cz\/wp-content\/uploads\/2025\/04\/IMG_3667.jpeg 780w, https:\/\/www.msoft.cz\/wp-content\/uploads\/2025\/04\/IMG_3667.jpeg 360w\" sizes=\"auto, (max-width: 480px) 150px\" src=\"https:\/\/www.msoft.cz\/wp-content\/uploads\/2025\/04\/IMG_3667-768x1024.jpeg\" alt=\"\" class=\"uag-image-1013\" width=\"420\" height=\"380\" title=\"IMG_3667\" loading=\"lazy\" role=\"img\"\/><\/a><\/figure><\/div>\n<\/div>\n<\/div>\n<\/div><\/div>\n\n\n\n<div class=\"wp-block-uagb-container uagb-block-71fea0c9 alignfull uagb-is-root-container\"><div class=\"uagb-container-inner-blocks-wrap\">\n<div class=\"wp-block-uagb-info-box uagb-block-844f8cf1 uagb-infobox__content-wrap  uagb-infobox-icon-above-title uagb-infobox-image-valign-top\"><div class=\"uagb-ifb-content\"><div class=\"uagb-ifb-title-wrap\"><h2 class=\"uagb-ifb-title\">Za\u017eijte kouzlo rustik\u00e1ln\u00ed restaurace<\/h2><\/div><p class=\"uagb-ifb-desc\">Kontaktujte n\u00e1s je\u0161t\u011b dnes a zjist\u011bte v\u00edce o mo\u017enosti uspo\u0159\u00e1dat svou vysn\u011bnou ud\u00e1lost v Green Apartments a vytvo\u0159it si nezapomenuteln\u00e9 vzpom\u00ednky.<\/p><div class=\"uagb-ifb-button-wrapper wp-block-button\"><a href=\"?page_id=34\" class=\"uagb-infobox-cta-link wp-block-button__link\" target=\"_self\" rel=\"noopener noreferrer\" onclick=\"return true;\"><span class=\"uagb-inline-editing\">Rezervace<\/span><\/a><\/div><\/div><\/div>\n<\/div><\/div>\n","protected":false},"excerpt":{"rendered":"<p>Mo\u017enosti na\u0161eho are\u00e1lu<\/p>\n","protected":false},"author":6,"featured_media":0,"parent":0,"menu_order":0,"comment_status":"closed","ping_status":"closed","template":"","meta":{"_uag_custom_page_level_css":"","site-sidebar-layout":"default","site-content-layout":"","ast-site-content-layout":"default","site-content-style":"default","site-sidebar-style":"default","ast-global-header-display":"","ast-banner-title-visibility":"","ast-main-header-display":"","ast-hfb-above-header-display":"","ast-hfb-below-header-display":"","ast-hfb-mobile-header-display":"","site-post-title":"disabled","ast-breadcrumbs-content":"","ast-featured-img":"","footer-sml-layout":"","ast-disable-related-posts":"","theme-transparent-header-meta":"enabled","adv-header-id-meta":"","stick-header-meta":"","header-above-stick-meta":"","header-main-stick-meta":"","header-below-stick-meta":"","astra-migrate-meta-layouts":"","ast-page-background-enabled":"default","ast-page-background-meta":{"desktop":{"background-color":"var(--ast-global-color-4)","background-image":"","background-repeat":"repeat","background-position":"center center","background-size":"auto","background-attachment":"scroll","background-type":"","background-media":"","overlay-type":"","overlay-color":"","overlay-opacity":"","overlay-gradient":""},"tablet":{"background-color":"","background-image":"","background-repeat":"repeat","background-position":"center center","background-size":"auto","background-attachment":"scroll","background-type":"","background-media":"","overlay-type":"","overlay-color":"","overlay-opacity":"","overlay-gradient":""},"mobile":{"background-color":"","background-image":"","background-repeat":"repeat","background-position":"center center","background-size":"auto","background-attachment":"scroll","background-type":"","background-media":"","overlay-type":"","overlay-color":"","overlay-opacity":"","overlay-gradient":""}},"ast-content-background-meta":{"desktop":{"background-color":"var(--ast-global-color-5)","background-image":"","background-repeat":"repeat","background-position":"center center","background-size":"auto","background-attachment":"scroll","background-type":"","background-media":"","overlay-type":"","overlay-color":"","overlay-opacity":"","overlay-gradient":""},"tablet":{"background-color":"var(--ast-global-color-5)","background-image":"","background-repeat":"repeat","background-position":"center center","background-size":"auto","background-attachment":"scroll","background-type":"","background-media":"","overlay-type":"","overlay-color":"","overlay-opacity":"","overlay-gradient":""},"mobile":{"background-color":"var(--ast-global-color-5)","background-image":"","background-repeat":"repeat","background-position":"center center","background-size":"auto","background-attachment":"scroll","background-type":"","background-media":"","overlay-type":"","overlay-color":"","overlay-opacity":"","overlay-gradient":""}},"footnotes":""},"class_list":["post-33","page","type-page","status-publish","hentry"],"uagb_featured_image_src":{"full":false,"thumbnail":false,"medium":false,"medium_large":false,"large":false,"1536x1536":false,"2048x2048":false},"uagb_author_info":{"display_name":"Marek Chmela","author_link":"https:\/\/www.msoft.cz\/?author=6"},"uagb_comment_info":0,"uagb_excerpt":"Mo\u017enosti na\u0161eho are\u00e1lu","_links":{"self":[{"href":"https:\/\/www.msoft.cz\/index.php?rest_route=\/wp\/v2\/pages\/33","targetHints":{"allow":["GET"]}}],"collection":[{"href":"https:\/\/www.msoft.cz\/index.php?rest_route=\/wp\/v2\/pages"}],"about":[{"href":"https:\/\/www.msoft.cz\/index.php?rest_route=\/wp\/v2\/types\/page"}],"author":[{"embeddable":true,"href":"https:\/\/www.msoft.cz\/index.php?rest_route=\/wp\/v2\/users\/6"}],"replies":[{"embeddable":true,"href":"https:\/\/www.msoft.cz\/index.php?rest_route=%2Fwp%2Fv2%2Fcomments&post=33"}],"version-history":[{"count":18,"href":"https:\/\/www.msoft.cz\/index.php?rest_route=\/wp\/v2\/pages\/33\/revisions"}],"predecessor-version":[{"id":1126,"href":"https:\/\/www.msoft.cz\/index.php?rest_route=\/wp\/v2\/pages\/33\/revisions\/1126"}],"wp:attachment":[{"href":"https:\/\/www.msoft.cz\/index.php?rest_route=%2Fwp%2Fv2%2Fmedia&parent=33"}],"curies":[{"name":"wp","href":"https:\/\/api.w.org\/{rel}","templated":true}]}}